{"id":1135,"date":"2021-03-24T08:02:36","date_gmt":"2021-03-24T08:02:36","guid":{"rendered":"https:\/\/inestit.smartdemowp.com\/?page_id=1135"},"modified":"2026-04-24T10:49:57","modified_gmt":"2026-04-24T09:49:57","slug":"detektiv-biro-kdo-smo","status":"publish","type":"page","link":"https:\/\/nova.detektiv-biro.si\/index.php\/o-nas\/detektiv-biro-kdo-smo\/","title":{"rendered":"Detektiv Biro &#8211; kdo smo"},"content":{"rendered":"\t\t<div data-elementor-type=\"wp-page\" data-elementor-id=\"1135\" class=\"elementor elementor-1135\" data-elementor-post-type=\"page\">\n\t\t\t\t\t\t<section class=\"elementor-section elementor-top-section elementor-element elementor-element-a332f41 elementor-section-full_width elementor-section-height-default elementor-section-height-default\" data-id=\"a332f41\" data-element_type=\"section\" data-e-type=\"section\">\n\t\t\t\t\t\t<div class=\"elementor-container elementor-column-gap-no\">\n\t\t\t\t\t<div class=\"elementor-column elementor-col-100 elementor-top-column elementor-element elementor-element-0356b49\" data-id=\"0356b49\" data-element_type=\"column\" data-e-type=\"column\">\n\t\t\t<div class=\"elementor-widget-wrap elementor-element-populated\">\n\t\t\t\t\t\t<div class=\"elementor-element elementor-element-e7c0aa2 elementor-widget elementor-widget-text-editor\" data-id=\"e7c0aa2\" data-element_type=\"widget\" data-e-type=\"widget\" data-settings=\"{&quot;motion_fx_motion_fx_scrolling&quot;:&quot;yes&quot;,&quot;motion_fx_devices&quot;:[&quot;desktop&quot;,&quot;tablet&quot;,&quot;mobile&quot;]}\" data-widget_type=\"text-editor.default\">\n\t\t\t\t\t\t\t\t\t<div class=\"detektiv-container\" style=\"font-family: 'Roboto', sans-serif; line-height: 1.6; color: #111111; max-width: 1000px; margin: 0 auto; padding: 20px; background-color: transparent;\"><div style=\"text-align: center; margin-bottom: 40px;\"><h1 style=\"color: #000000; font-size: 32px; font-weight: 900; margin-bottom: 10px; text-transform: uppercase; letter-spacing: 1px;\">Detektiv Biro<\/h1><div style=\"width: 60px; height: 4px; background: #c62828; margin: 0 auto 20px;\">\u00a0<\/div><p style=\"font-size: 20px; font-weight: 800; color: #c62828; max-width: 800px; margin: 0 auto; line-height: 1.4;\">Detektivska agencija z najdalj\u0161im sta\u017eem v Sloveniji \u2013<br \/><span style=\"font-size: 18px; text-transform: uppercase; letter-spacing: 1px;\">diskretno, strokovno in zakonito.<\/span><\/p><\/div><div style=\"display: flex; flex-wrap: wrap; gap: 30px; align-items: flex-start;\"><div style=\"flex: 1; min-width: 300px; color: #111111;\"><p style=\"margin-bottom: 15px; font-size: 16px; font-weight: 600;\">I\u0161\u010dete zanesljive informacije, ki temeljijo na dejstvih? Na\u0161a <strong>detektivska agencija<\/strong> nudi celovite storitve za fizi\u010dne in pravne osebe.<\/p><p style=\"margin-bottom: 15px; font-size: 16px; font-weight: 600;\">Kot <strong>licencirani detektivi<\/strong> delujemo v skladu z zakonom (ZDD-2), kar zagotavlja, da so vsi pridobljeni dokazi <strong>zakoniti in uporabni<\/strong> v sodnih in drugih postopkih.<\/p><p style=\"font-size: 16px; font-weight: 600;\">Zagotavljamo 100% diskretnost.<\/p><p style=\"font-size: 16px; font-weight: 600;\">Detektivske storitve nudimo in izvajamo na podro\u010dju celotne Slovenije ter tudi v tujini.<\/p><\/div><div style=\"flex: 1; min-width: 300px; display: grid; grid-template-columns: 1fr 1fr; gap: 15px;\"><div style=\"background: rgba(245, 245, 245, 0.98); border-left: 4px solid #c62828; padding: 15px; font-size: 14px; font-weight: bold; color: #000000; min-height: 80px; display: flex; align-items: center; box-shadow: 0 2px 4px rgba(0,0,0,0.1);\">Nadzor in preverjanje bolni\u0161kih odsotnosti<\/div><div style=\"background: rgba(245, 245, 245, 0.98); border-left: 4px solid #c62828; padding: 15px; font-size: 14px; font-weight: bold; color: #000000; min-height: 80px; display: flex; align-items: center; box-shadow: 0 2px 4px rgba(0,0,0,0.1);\">Sledenje in opazovanje oseb<\/div><div style=\"background: rgba(245, 245, 245, 0.98); border-left: 4px solid #c62828; padding: 15px; font-size: 14px; font-weight: bold; color: #000000; min-height: 80px; display: flex; align-items: center; box-shadow: 0 2px 4px rgba(0,0,0,0.1);\">Iskanje pogre\u0161anih oseb in predmetov<\/div><div style=\"background: rgba(245, 245, 245, 0.98); border-left: 4px solid #c62828; padding: 15px; font-size: 14px; font-weight: bold; color: #000000; min-height: 80px; display: flex; align-items: center; box-shadow: 0 2px 4px rgba(0,0,0,0.1);\">Strokovno vro\u010danje dokumentov<\/div><\/div><\/div><div style=\"border-top: 2px solid #ddd; padding-top: 30px; margin-top: 40px; text-align: center;\"><p style=\"font-size: 17px; font-weight: 800; color: #000000; margin-bottom: 5px;\">Z ve\u010d kot 25-letno tradicijo smo va\u0161 partner.<\/p><p style=\"font-size: 20px; font-weight: 900; color: #c62828; text-transform: uppercase;\">Pridobite jasne odgovore \u0161e danes.<\/p><\/div><\/div>\t\t\t\t\t\t\t\t<\/div>\n\t\t\t\t<div class=\"elementor-element elementor-element-b5e40cf elementor-widget elementor-widget-inestit_chooseus\" data-id=\"b5e40cf\" data-element_type=\"widget\" data-e-type=\"widget\" data-widget_type=\"inestit_chooseus.default\">\n\t\t\t\t<div class=\"elementor-widget-container\">\n\t\t\t\t\t\t\t<!-- chooseus-section -->\r\n\t\t<section class=\"chooseus-section\">\r\n\t\t\t<figure class=\"image-layer\">\t\t\t<\/figure>\r\n\t\t\t<div class=\"auto-container\">\r\n\t\t\t\t<div class=\"row clearfix\">\r\n\t\t\t\t\t<div class=\"col-lg-6 col-md-12 col-sm-12 image-column\">\r\n\t\t\t\t\t\t<div class=\"image_block_2\">\r\n\t\t\t\t\t\t\t<div class=\"image-box clearfix\">\r\n\t\t\t\t\t\t\t\t<div class=\"bg-layer bg-color-1\"><\/div>\r\n\t\t\t\t\t\t\t\t<img fetchpriority=\"high\" decoding=\"async\" width=\"619\" height=\"632\" src=\"https:\/\/nova.detektiv-biro.si\/wp-content\/uploads\/2026\/03\/Detektiv-Biro-It-5.png\" class=\"attachment-full size-full\" alt=\"\" \/>\t\t\t\t\t\t\t\t\t\t\t\t\t\t\t\t<div class=\"btn-box\"><a href=\"#https:\/\/nova.detektiv-biro.si\/index.php\/storitve\/\">Ve\u010d o na\u0161ih storitvah<\/a><\/div>\r\n\t\t\t\t\t\t\t\t\t\t\t\t\t\t\t\t<div class=\"text\">\r\n\t\t\t\t\t\t\t\t\t<h3>Specializirani smo za vse detektivske storitve in po potrebi nudimo tudi pravno podporo.<\/h3>\r\n\t\t\t\t\t\t\t\t<\/div>\r\n\t\t\t\t\t\t\t<\/div>\r\n\t\t\t\t\t\t<\/div>\r\n\t\t\t\t\t<\/div>\r\n\t\t\t\t\t<div class=\"col-lg-6 col-md-12 col-sm-12 content-column\">\r\n\t\t\t\t\t\t<div class=\"content_block_3\">\r\n\t\t\t\t\t\t\t<div class=\"content-box\">\r\n\t\t\t\t\t\t\t\t<div class=\"sec-title\">\r\n\t\t\t\t\t\t\t\t\t<h2>Va\u0161e zaupanje, na\u0161i neizpodbitni dokazi in popolna diskretnost.<\/h2>\r\n\t\t\t\t\t\t\t\t<\/div>\r\n\t\t\t\t\t\t\t\t<div class=\"inner-box\">\r\n\r\n\t\t\t\t\t\t\t\t\t <div class=\"single-item\">\r\n\t\t\t\t\t\t\t\t\t\t\t<div class=\"icon-box\"><i aria-hidden=\"true\" class=\" flaticon-spy\"><\/i><\/div>\r\n\t\t\t\t\t\t\t\t\t\t\t<h3><span>01 - <\/span>25 let izku\u0161enj<\/h3>\r\n\t\t\t\t\t\t\t\t\t\t\t<p>Dolgoletna strokovnost v praksi in izvajanje detektivskih storitev v domovini in v tujini.<\/p>\r\n\t\t\t\t\t\t\t\t\t\t<\/div>  <div class=\"single-item\">\r\n\t\t\t\t\t\t\t\t\t\t\t<div class=\"icon-box\"><i aria-hidden=\"true\" class=\" flaticon-investigation\"><\/i><\/div>\r\n\t\t\t\t\t\t\t\t\t\t\t<h3><span>02 - <\/span>Detektivi z licenco<\/h3>\r\n\t\t\t\t\t\t\t\t\t\t\t<p>Vse storitve opravljamo v skladu z Zakonom o detektivski dejavnosti.<\/p>\r\n\t\t\t\t\t\t\t\t\t\t<\/div>  <div class=\"single-item\">\r\n\t\t\t\t\t\t\t\t\t\t\t<div class=\"icon-box\"><i aria-hidden=\"true\" class=\" flaticon-hiring\"><\/i><\/div>\r\n\t\t\t\t\t\t\t\t\t\t\t<h3><span>03 -<\/span>Poro\u010dila in dokazno gradivo<\/h3>\r\n\t\t\t\t\t\t\t\t\t\t\t<p>Poro\u010dila in dokazno gradivo, ki jih pripravimo so uporabni pred sodi\u0161\u010di in drugimi dr\u017eavnimi organi.<\/p>\r\n\t\t\t\t\t\t\t\t\t\t<\/div>  <div class=\"single-item\">\r\n\t\t\t\t\t\t\t\t\t\t\t<div class=\"icon-box\"><i aria-hidden=\"true\" class=\" flaticon-identity\"><\/i><\/div>\r\n\t\t\t\t\t\t\t\t\t\t\t<h3><span>04 -<\/span>100% Diskretnost<\/h3>\r\n\t\t\t\t\t\t\t\t\t\t\t<p>Va\u0161a identiteta in podatki so pri nas varni in strogo varovani.<\/p>\r\n\t\t\t\t\t\t\t\t\t\t<\/div> \t\t\t\t\t\t\t\t<\/div>\r\n\t\t\t\t\t\t\t<\/div>\r\n\t\t\t\t\t\t<\/div>\r\n\t\t\t\t\t<\/div>\r\n\t\t\t\t<\/div>\r\n\t\t\t<\/div>\r\n\t\t<\/section>\r\n\t\t<!-- chooseus-section end --> \t\t\t\t<\/div>\n\t\t\t\t<\/div>\n\t\t\t\t\t<\/div>\n\t\t<\/div>\n\t\t\t\t\t<\/div>\n\t\t<\/section>\n\t\t\t\t<\/div>\n\t\t","protected":false},"excerpt":{"rendered":"<p>Detektiv Biro \u00a0 Detektivska agencija z najdalj\u0161im sta\u017eem v Sloveniji \u2013diskretno, strokovno in zakonito. I\u0161\u010dete zanesljive informacije, ki temeljijo na dejstvih? Na\u0161a detektivska agencija nudi celovite storitve za fizi\u010dne in pravne osebe. Kot licencirani detektivi delujemo v skladu z zakonom (ZDD-2), kar zagotavlja, da so vsi pridobljeni dokazi zakoniti in uporabni v sodnih in drugih [&hellip;]<\/p>\n","protected":false},"author":1,"featured_media":660,"parent":632,"menu_order":0,"comment_status":"closed","ping_status":"closed","template":"elementor_header_footer","meta":{"footnotes":""},"class_list":["post-1135","page","type-page","status-publish","has-post-thumbnail","hentry"],"yoast_head":"<!-- This site is optimized with the Yoast SEO Premium plugin v27.1 (Yoast SEO v27.1.1) - https:\/\/yoast.com\/product\/yoast-seo-premium-wordpress\/ -->\r\n<title>Detektiv Biro - kdo smo - nova.detektiv-biro.si<\/title>\r\n<meta name=\"description\" content=\"Detektiv Biro - kdo smo, smo detektivska agencija z najdalj\u0161im stale\u017eem v Sloveniji \u2013diskretno, strokovno in zakonito.\" \/>\r\n<meta name=\"robots\" content=\"index, follow, max-snippet:-1, max-image-preview:large, max-video-preview:-1\" \/>\r\n<link rel=\"canonical\" href=\"https:\/\/nova.detektiv-biro.si\/index.php\/o-nas\/detektiv-biro-kdo-smo\/\" \/>\r\n<meta property=\"og:locale\" content=\"sl_SI\" \/>\r\n<meta property=\"og:type\" content=\"article\" \/>\r\n<meta property=\"og:title\" content=\"Detektiv Biro - kdo smo\" \/>\r\n<meta property=\"og:description\" content=\"Detektiv Biro - kdo smo, smo detektivska agencija z najdalj\u0161im stale\u017eem v Sloveniji \u2013diskretno, strokovno in zakonito.\" \/>\r\n<meta property=\"og:url\" content=\"https:\/\/nova.detektiv-biro.si\/index.php\/o-nas\/detektiv-biro-kdo-smo\/\" \/>\r\n<meta property=\"og:site_name\" content=\"nova.detektiv-biro.si\" \/>\r\n<meta property=\"article:modified_time\" content=\"2026-04-24T09:49:57+00:00\" \/>\r\n<meta property=\"og:image\" content=\"https:\/\/nova.detektiv-biro.si\/wp-content\/uploads\/2021\/03\/page-title.jpg\" \/>\r\n\t<meta property=\"og:image:width\" content=\"1894\" \/>\r\n\t<meta property=\"og:image:height\" content=\"441\" \/>\r\n\t<meta property=\"og:image:type\" content=\"image\/jpeg\" \/>\r\n<meta name=\"twitter:card\" content=\"summary_large_image\" \/>\r\n<meta name=\"twitter:label1\" content=\"Est. reading time\" \/>\n\t<meta name=\"twitter:data1\" content=\"1 minuta\" \/>\r\n<script type=\"application\/ld+json\" class=\"yoast-schema-graph\">{\"@context\":\"https:\/\/schema.org\",\"@graph\":[{\"@type\":\"WebPage\",\"@id\":\"https:\/\/nova.detektiv-biro.si\/index.php\/o-nas\/detektiv-biro-kdo-smo\/\",\"url\":\"https:\/\/nova.detektiv-biro.si\/index.php\/o-nas\/detektiv-biro-kdo-smo\/\",\"name\":\"Detektiv Biro - kdo smo - nova.detektiv-biro.si\",\"isPartOf\":{\"@id\":\"https:\/\/nova.detektiv-biro.si\/#website\"},\"primaryImageOfPage\":{\"@id\":\"https:\/\/nova.detektiv-biro.si\/index.php\/o-nas\/detektiv-biro-kdo-smo\/#primaryimage\"},\"image\":{\"@id\":\"https:\/\/nova.detektiv-biro.si\/index.php\/o-nas\/detektiv-biro-kdo-smo\/#primaryimage\"},\"thumbnailUrl\":\"https:\/\/nova.detektiv-biro.si\/wp-content\/uploads\/2021\/03\/page-title.jpg\",\"datePublished\":\"2021-03-24T08:02:36+00:00\",\"dateModified\":\"2026-04-24T09:49:57+00:00\",\"description\":\"Detektiv Biro - kdo smo, smo detektivska agencija z najdalj\u0161im stale\u017eem v Sloveniji \u2013diskretno, strokovno in zakonito.\",\"breadcrumb\":{\"@id\":\"https:\/\/nova.detektiv-biro.si\/index.php\/o-nas\/detektiv-biro-kdo-smo\/#breadcrumb\"},\"inLanguage\":\"sl-SI\",\"potentialAction\":[{\"@type\":\"ReadAction\",\"target\":[\"https:\/\/nova.detektiv-biro.si\/index.php\/o-nas\/detektiv-biro-kdo-smo\/\"]}]},{\"@type\":\"ImageObject\",\"inLanguage\":\"sl-SI\",\"@id\":\"https:\/\/nova.detektiv-biro.si\/index.php\/o-nas\/detektiv-biro-kdo-smo\/#primaryimage\",\"url\":\"https:\/\/nova.detektiv-biro.si\/wp-content\/uploads\/2021\/03\/page-title.jpg\",\"contentUrl\":\"https:\/\/nova.detektiv-biro.si\/wp-content\/uploads\/2021\/03\/page-title.jpg\",\"width\":1894,\"height\":441},{\"@type\":\"BreadcrumbList\",\"@id\":\"https:\/\/nova.detektiv-biro.si\/index.php\/o-nas\/detektiv-biro-kdo-smo\/#breadcrumb\",\"itemListElement\":[{\"@type\":\"ListItem\",\"position\":1,\"name\":\"Home\",\"item\":\"https:\/\/nova.detektiv-biro.si\/\"},{\"@type\":\"ListItem\",\"position\":2,\"name\":\"O nas\",\"item\":\"https:\/\/nova.detektiv-biro.si\/index.php\/o-nas\/\"},{\"@type\":\"ListItem\",\"position\":3,\"name\":\"Detektiv Biro &#8211; kdo smo\"}]},{\"@type\":\"WebSite\",\"@id\":\"https:\/\/nova.detektiv-biro.si\/#website\",\"url\":\"https:\/\/nova.detektiv-biro.si\/\",\"name\":\"nova.detektiv-biro.si\",\"description\":\"Naju\u010dinkovitej\u0161a detektivska agencija\",\"publisher\":{\"@id\":\"https:\/\/nova.detektiv-biro.si\/#organization\"},\"potentialAction\":[{\"@type\":\"SearchAction\",\"target\":{\"@type\":\"EntryPoint\",\"urlTemplate\":\"https:\/\/nova.detektiv-biro.si\/?s={search_term_string}\"},\"query-input\":{\"@type\":\"PropertyValueSpecification\",\"valueRequired\":true,\"valueName\":\"search_term_string\"}}],\"inLanguage\":\"sl-SI\"},{\"@type\":\"Organization\",\"@id\":\"https:\/\/nova.detektiv-biro.si\/#organization\",\"name\":\"nova.detektiv-biro.si\",\"url\":\"https:\/\/nova.detektiv-biro.si\/\",\"logo\":{\"@type\":\"ImageObject\",\"inLanguage\":\"sl-SI\",\"@id\":\"https:\/\/nova.detektiv-biro.si\/#\/schema\/logo\/image\/\",\"url\":\"https:\/\/nova.detektiv-biro.si\/wp-content\/uploads\/2026\/03\/Detektiv-Biro-_-logo.png\",\"contentUrl\":\"https:\/\/nova.detektiv-biro.si\/wp-content\/uploads\/2026\/03\/Detektiv-Biro-_-logo.png\",\"width\":500,\"height\":469,\"caption\":\"nova.detektiv-biro.si\"},\"image\":{\"@id\":\"https:\/\/nova.detektiv-biro.si\/#\/schema\/logo\/image\/\"}}]}<\/script>\r\n<!-- \/ Yoast SEO Premium plugin. -->","yoast_head_json":{"title":"Detektiv Biro - kdo smo - nova.detektiv-biro.si","description":"Detektiv Biro - kdo smo, smo detektivska agencija z najdalj\u0161im stale\u017eem v Sloveniji \u2013diskretno, strokovno in zakonito.","robots":{"index":"index","follow":"follow","max-snippet":"max-snippet:-1","max-image-preview":"max-image-preview:large","max-video-preview":"max-video-preview:-1"},"canonical":"https:\/\/nova.detektiv-biro.si\/index.php\/o-nas\/detektiv-biro-kdo-smo\/","og_locale":"sl_SI","og_type":"article","og_title":"Detektiv Biro - kdo smo","og_description":"Detektiv Biro - kdo smo, smo detektivska agencija z najdalj\u0161im stale\u017eem v Sloveniji \u2013diskretno, strokovno in zakonito.","og_url":"https:\/\/nova.detektiv-biro.si\/index.php\/o-nas\/detektiv-biro-kdo-smo\/","og_site_name":"nova.detektiv-biro.si","article_modified_time":"2026-04-24T09:49:57+00:00","og_image":[{"width":1894,"height":441,"url":"https:\/\/nova.detektiv-biro.si\/wp-content\/uploads\/2021\/03\/page-title.jpg","type":"image\/jpeg"}],"twitter_card":"summary_large_image","twitter_misc":{"Est. reading time":"1 minuta"},"schema":{"@context":"https:\/\/schema.org","@graph":[{"@type":"WebPage","@id":"https:\/\/nova.detektiv-biro.si\/index.php\/o-nas\/detektiv-biro-kdo-smo\/","url":"https:\/\/nova.detektiv-biro.si\/index.php\/o-nas\/detektiv-biro-kdo-smo\/","name":"Detektiv Biro - kdo smo - nova.detektiv-biro.si","isPartOf":{"@id":"https:\/\/nova.detektiv-biro.si\/#website"},"primaryImageOfPage":{"@id":"https:\/\/nova.detektiv-biro.si\/index.php\/o-nas\/detektiv-biro-kdo-smo\/#primaryimage"},"image":{"@id":"https:\/\/nova.detektiv-biro.si\/index.php\/o-nas\/detektiv-biro-kdo-smo\/#primaryimage"},"thumbnailUrl":"https:\/\/nova.detektiv-biro.si\/wp-content\/uploads\/2021\/03\/page-title.jpg","datePublished":"2021-03-24T08:02:36+00:00","dateModified":"2026-04-24T09:49:57+00:00","description":"Detektiv Biro - kdo smo, smo detektivska agencija z najdalj\u0161im stale\u017eem v Sloveniji \u2013diskretno, strokovno in zakonito.","breadcrumb":{"@id":"https:\/\/nova.detektiv-biro.si\/index.php\/o-nas\/detektiv-biro-kdo-smo\/#breadcrumb"},"inLanguage":"sl-SI","potentialAction":[{"@type":"ReadAction","target":["https:\/\/nova.detektiv-biro.si\/index.php\/o-nas\/detektiv-biro-kdo-smo\/"]}]},{"@type":"ImageObject","inLanguage":"sl-SI","@id":"https:\/\/nova.detektiv-biro.si\/index.php\/o-nas\/detektiv-biro-kdo-smo\/#primaryimage","url":"https:\/\/nova.detektiv-biro.si\/wp-content\/uploads\/2021\/03\/page-title.jpg","contentUrl":"https:\/\/nova.detektiv-biro.si\/wp-content\/uploads\/2021\/03\/page-title.jpg","width":1894,"height":441},{"@type":"BreadcrumbList","@id":"https:\/\/nova.detektiv-biro.si\/index.php\/o-nas\/detektiv-biro-kdo-smo\/#breadcrumb","itemListElement":[{"@type":"ListItem","position":1,"name":"Home","item":"https:\/\/nova.detektiv-biro.si\/"},{"@type":"ListItem","position":2,"name":"O nas","item":"https:\/\/nova.detektiv-biro.si\/index.php\/o-nas\/"},{"@type":"ListItem","position":3,"name":"Detektiv Biro &#8211; kdo smo"}]},{"@type":"WebSite","@id":"https:\/\/nova.detektiv-biro.si\/#website","url":"https:\/\/nova.detektiv-biro.si\/","name":"nova.detektiv-biro.si","description":"Naju\u010dinkovitej\u0161a detektivska agencija","publisher":{"@id":"https:\/\/nova.detektiv-biro.si\/#organization"},"potentialAction":[{"@type":"SearchAction","target":{"@type":"EntryPoint","urlTemplate":"https:\/\/nova.detektiv-biro.si\/?s={search_term_string}"},"query-input":{"@type":"PropertyValueSpecification","valueRequired":true,"valueName":"search_term_string"}}],"inLanguage":"sl-SI"},{"@type":"Organization","@id":"https:\/\/nova.detektiv-biro.si\/#organization","name":"nova.detektiv-biro.si","url":"https:\/\/nova.detektiv-biro.si\/","logo":{"@type":"ImageObject","inLanguage":"sl-SI","@id":"https:\/\/nova.detektiv-biro.si\/#\/schema\/logo\/image\/","url":"https:\/\/nova.detektiv-biro.si\/wp-content\/uploads\/2026\/03\/Detektiv-Biro-_-logo.png","contentUrl":"https:\/\/nova.detektiv-biro.si\/wp-content\/uploads\/2026\/03\/Detektiv-Biro-_-logo.png","width":500,"height":469,"caption":"nova.detektiv-biro.si"},"image":{"@id":"https:\/\/nova.detektiv-biro.si\/#\/schema\/logo\/image\/"}}]}},"_links":{"self":[{"href":"https:\/\/nova.detektiv-biro.si\/index.php\/wp-json\/wp\/v2\/pages\/1135","targetHints":{"allow":["GET"]}}],"collection":[{"href":"https:\/\/nova.detektiv-biro.si\/index.php\/wp-json\/wp\/v2\/pages"}],"about":[{"href":"https:\/\/nova.detektiv-biro.si\/index.php\/wp-json\/wp\/v2\/types\/page"}],"author":[{"embeddable":true,"href":"https:\/\/nova.detektiv-biro.si\/index.php\/wp-json\/wp\/v2\/users\/1"}],"replies":[{"embeddable":true,"href":"https:\/\/nova.detektiv-biro.si\/index.php\/wp-json\/wp\/v2\/comments?post=1135"}],"version-history":[{"count":40,"href":"https:\/\/nova.detektiv-biro.si\/index.php\/wp-json\/wp\/v2\/pages\/1135\/revisions"}],"predecessor-version":[{"id":3987,"href":"https:\/\/nova.detektiv-biro.si\/index.php\/wp-json\/wp\/v2\/pages\/1135\/revisions\/3987"}],"up":[{"embeddable":true,"href":"https:\/\/nova.detektiv-biro.si\/index.php\/wp-json\/wp\/v2\/pages\/632"}],"wp:featuredmedia":[{"embeddable":true,"href":"https:\/\/nova.detektiv-biro.si\/index.php\/wp-json\/wp\/v2\/media\/660"}],"wp:attachment":[{"href":"https:\/\/nova.detektiv-biro.si\/index.php\/wp-json\/wp\/v2\/media?parent=1135"}],"curies":[{"name":"wp","href":"https:\/\/api.w.org\/{rel}","templated":true}]}}