{"id":999,"date":"2021-03-23T09:20:55","date_gmt":"2021-03-23T09:20:55","guid":{"rendered":"https:\/\/inestit.smartdemowp.com\/?page_id=999"},"modified":"2026-04-24T12:15:29","modified_gmt":"2026-04-24T11:15:29","slug":"storitve","status":"publish","type":"page","link":"https:\/\/nova.detektiv-biro.si\/index.php\/storitve\/","title":{"rendered":"Storitve"},"content":{"rendered":"\t\t<div data-elementor-type=\"wp-page\" data-elementor-id=\"999\" class=\"elementor elementor-999\" data-elementor-post-type=\"page\">\n\t\t\t\t\t\t<section class=\"elementor-section elementor-top-section elementor-element elementor-element-b53c2a9 elementor-section-full_width elementor-section-height-default elementor-section-height-default\" data-id=\"b53c2a9\" data-element_type=\"section\" data-e-type=\"section\">\n\t\t\t\t\t\t<div class=\"elementor-container elementor-column-gap-no\">\n\t\t\t\t\t<div class=\"elementor-column elementor-col-100 elementor-top-column elementor-element elementor-element-0304205\" data-id=\"0304205\" data-element_type=\"column\" data-e-type=\"column\">\n\t\t\t<div class=\"elementor-widget-wrap elementor-element-populated\">\n\t\t\t\t\t\t<div class=\"elementor-element elementor-element-b593c7d elementor-widget elementor-widget-spacer\" data-id=\"b593c7d\" data-element_type=\"widget\" data-e-type=\"widget\" data-widget_type=\"spacer.default\">\n\t\t\t\t\t\t\t<div class=\"elementor-spacer\">\n\t\t\t<div class=\"elementor-spacer-inner\"><\/div>\n\t\t<\/div>\n\t\t\t\t\t\t<\/div>\n\t\t\t\t<div class=\"elementor-element elementor-element-409814b elementor-widget elementor-widget-inestit_service\" data-id=\"409814b\" data-element_type=\"widget\" data-e-type=\"widget\" data-widget_type=\"inestit_service.default\">\n\t\t\t\t<div class=\"elementor-widget-container\">\n\t\t\t\t\t\t\t\t<!-- service-section -->\r\n\t\t\t<section class=\"service-section  \">\r\n\t\t\t\t<div class=\"bg-layer bg-color-1\"><\/div>\r\n\t\t\t\t<div class=\"auto-container\">\r\n\t\t\t\t\t<div class=\"title-inner clearfix\">\r\n\t\t\t\t\t\t<div class=\"sec-title pull-left\">\r\n\t\t\t\t\t\t\t<h2>Diskretne, zakonite in strokovne preiskave za fizi\u010dne in pravne osebe.<\/h2>\r\n\t\t\t\t\t\t<\/div>\r\n\t\t\t\t\t\t<div class=\"text pull-left\">\r\n\t\t\t\t\t\t\t<p>Na\u0161a detektivska agencija nudi celovite detektivske storitve za fizi\u010dne in pravne osebe po Sloveniji. Kot izku\u0161en zasebni detektiv izvajamo osebne in poslovne preiskave, iskanje oseb ter vro\u010danje dokumentov. Na\u0161e delo temelji na dolgoletnih izku\u0161njah, strokovnosti in popolni diskretnosti.<\/p>\r\n\t\t\t\t\t\t<\/div>\r\n\t\t\t\t\t<\/div>\r\n\t\t\t\t\t<div class=\"row clearfix\">\r\n\t\t\t\t\t\t\t\t\t\t\t\t\t<div class=\"col-lg-4 col-md-6 col-sm-12 service-block\">\r\n\t\t\t\t\t\t\t\t<div class=\"service-block-one \">\r\n\t\t\t\t\t\t\t\t\t<div class=\"inner-box\">\r\n\t\t\t\t\t\t\t\t\t\t<figure class=\"image-box\">\r\n\t\t\t\t\t\t\t\t\t\t\t<a href=\"https:\/\/nova.detektiv-biro.si\/index.php\/osebne-detektivske-preiskave\/\"  rel=\"nofollow\"><img fetchpriority=\"high\" decoding=\"async\" width=\"370\" height=\"287\" src=\"https:\/\/nova.detektiv-biro.si\/wp-content\/uploads\/2021\/03\/service-1.jpg\" class=\"attachment-full size-full\" alt=\"\" \/>\t\t\t\t\t\t\t\t\t\t\t<\/a>\r\n\t\t\t\t\t\t\t\t\t\t<\/figure>\r\n\t\t\t\t\t\t\t\t\t\t<div class=\"lower-content\">\r\n\t\t\t\t\t\t\t\t\t\t\t<div class=\"inner\">\r\n\t\t\t\t\t\t\t\t\t\t\t\t<div class=\"category-box\">\r\n\t\t\t\t\t\t\t\t\t\t\t\t\t<div class=\"category\">\r\n\t\t\t\t\t\t\t\t\t\t\t\t\t\t<span>Osebne preiskave <\/span>\r\n\t\t\t\t\t\t\t\t\t\t\t\t\t\t<div class=\"shape shape-1\"><\/div>\r\n\t\t\t\t\t\t\t\t\t\t\t\t\t\t<div class=\"shape shape-2\"><\/div>\r\n\t\t\t\t\t\t\t\t\t\t\t\t\t\t<div class=\"shape shape-3\"><\/div>\r\n\t\t\t\t\t\t\t\t\t\t\t\t\t\t<div class=\"shape shape-4\"><\/div>\r\n\t\t\t\t\t\t\t\t\t\t\t\t\t<\/div>\r\n\t\t\t\t\t\t\t\t\t\t\t\t<\/div>\r\n\t\t\t\t\t\t\t\t\t\t\t\t<div class=\"text\">\r\n\t\t\t\t\t\t\t\t\t\t\t\t\t<h3><a href=\"https:\/\/nova.detektiv-biro.si\/index.php\/osebne-detektivske-preiskave\/\"  rel=\"nofollow\">Strokovno zbiranje dokazov, sledenje in preverjanje oseb v zasebnih zadevah.<\/a><\/h3>\r\n\t\t\t\t\t\t\t\t\t\t\t\t\t<p>Zagotovljena diskretnost.<\/p>\r\n\t\t\t\t\t\t\t\t\t\t\t\t<\/div>\r\n\t\t\t\t\t\t\t\t\t\t\t\t\t\t\t\t\t\t\t\t\t\t\t\t<div class=\"link\"><a href=\"https:\/\/nova.detektiv-biro.si\/index.php\/osebne-detektivske-preiskave\/\"  rel=\"nofollow\"><i class=\"fas fa-arrow-right\"><\/i>Preberite ve\u010d<\/a><\/div>\r\n\t\t\t\t\t\t\t\t\t\t\t\t\r\n\t\t\t\t\t\t\t\t\t\t\t<\/div>\r\n\t\t\t\t\t\t\t\t\t\t<\/div>\r\n\t\t\t\t\t\t\t\t\t<\/div>\r\n\t\t\t\t\t\t\t\t<\/div>\r\n\t\t\t\t\t\t\t<\/div>\r\n\t\t\t\t\t\t\t\t\t\t\t\t\t<div class=\"col-lg-4 col-md-6 col-sm-12 service-block\">\r\n\t\t\t\t\t\t\t\t<div class=\"service-block-one \">\r\n\t\t\t\t\t\t\t\t\t<div class=\"inner-box\">\r\n\t\t\t\t\t\t\t\t\t\t<figure class=\"image-box\">\r\n\t\t\t\t\t\t\t\t\t\t\t<a href=\"https:\/\/nova.detektiv-biro.si\/index.php\/poslovne-preiskave\/\"  ><img decoding=\"async\" width=\"370\" height=\"287\" src=\"https:\/\/nova.detektiv-biro.si\/wp-content\/uploads\/2021\/03\/service-2.jpg\" class=\"attachment-full size-full\" alt=\"\" \/>\t\t\t\t\t\t\t\t\t\t\t<\/a>\r\n\t\t\t\t\t\t\t\t\t\t<\/figure>\r\n\t\t\t\t\t\t\t\t\t\t<div class=\"lower-content\">\r\n\t\t\t\t\t\t\t\t\t\t\t<div class=\"inner\">\r\n\t\t\t\t\t\t\t\t\t\t\t\t<div class=\"category-box\">\r\n\t\t\t\t\t\t\t\t\t\t\t\t\t<div class=\"category\">\r\n\t\t\t\t\t\t\t\t\t\t\t\t\t\t<span>Poslovne preiskave <\/span>\r\n\t\t\t\t\t\t\t\t\t\t\t\t\t\t<div class=\"shape shape-1\"><\/div>\r\n\t\t\t\t\t\t\t\t\t\t\t\t\t\t<div class=\"shape shape-2\"><\/div>\r\n\t\t\t\t\t\t\t\t\t\t\t\t\t\t<div class=\"shape shape-3\"><\/div>\r\n\t\t\t\t\t\t\t\t\t\t\t\t\t\t<div class=\"shape shape-4\"><\/div>\r\n\t\t\t\t\t\t\t\t\t\t\t\t\t<\/div>\r\n\t\t\t\t\t\t\t\t\t\t\t\t<\/div>\r\n\t\t\t\t\t\t\t\t\t\t\t\t<div class=\"text\">\r\n\t\t\t\t\t\t\t\t\t\t\t\t\t<h3><a href=\"https:\/\/nova.detektiv-biro.si\/index.php\/poslovne-preiskave\/\"  >Preverjanje zaposlenih, zlorab bolni\u0161ke odsotnosti in poslovnih nepravilnosti.<\/a><\/h3>\r\n\t\t\t\t\t\t\t\t\t\t\t\t\t<p>100% preverljivost in pravnomo\u010dni dokazi.<\/p>\r\n\t\t\t\t\t\t\t\t\t\t\t\t<\/div>\r\n\t\t\t\t\t\t\t\t\t\t\t\t\t\t\t\t\t\t\t\t\t\t\t\t<div class=\"link\"><a href=\"https:\/\/nova.detektiv-biro.si\/index.php\/poslovne-preiskave\/\"  ><i class=\"fas fa-arrow-right\"><\/i>Preberite ve\u010d<\/a><\/div>\r\n\t\t\t\t\t\t\t\t\t\t\t\t\r\n\t\t\t\t\t\t\t\t\t\t\t<\/div>\r\n\t\t\t\t\t\t\t\t\t\t<\/div>\r\n\t\t\t\t\t\t\t\t\t<\/div>\r\n\t\t\t\t\t\t\t\t<\/div>\r\n\t\t\t\t\t\t\t<\/div>\r\n\t\t\t\t\t\t\t\t\t\t\t\t\t<div class=\"col-lg-4 col-md-6 col-sm-12 service-block\">\r\n\t\t\t\t\t\t\t\t<div class=\"service-block-one \">\r\n\t\t\t\t\t\t\t\t\t<div class=\"inner-box\">\r\n\t\t\t\t\t\t\t\t\t\t<figure class=\"image-box\">\r\n\t\t\t\t\t\t\t\t\t\t\t<a href=\"https:\/\/nova.detektiv-biro.si\/index.php\/iskanje-pogresanih-oseb-in-predmetov\/\"  ><img decoding=\"async\" width=\"370\" height=\"287\" src=\"https:\/\/nova.detektiv-biro.si\/wp-content\/uploads\/2021\/03\/service-3.jpg\" class=\"attachment-full size-full\" alt=\"\" \/>\t\t\t\t\t\t\t\t\t\t\t<\/a>\r\n\t\t\t\t\t\t\t\t\t\t<\/figure>\r\n\t\t\t\t\t\t\t\t\t\t<div class=\"lower-content\">\r\n\t\t\t\t\t\t\t\t\t\t\t<div class=\"inner\">\r\n\t\t\t\t\t\t\t\t\t\t\t\t<div class=\"category-box\">\r\n\t\t\t\t\t\t\t\t\t\t\t\t\t<div class=\"category\">\r\n\t\t\t\t\t\t\t\t\t\t\t\t\t\t<span>Iskanje oseb in predmetov <\/span>\r\n\t\t\t\t\t\t\t\t\t\t\t\t\t\t<div class=\"shape shape-1\"><\/div>\r\n\t\t\t\t\t\t\t\t\t\t\t\t\t\t<div class=\"shape shape-2\"><\/div>\r\n\t\t\t\t\t\t\t\t\t\t\t\t\t\t<div class=\"shape shape-3\"><\/div>\r\n\t\t\t\t\t\t\t\t\t\t\t\t\t\t<div class=\"shape shape-4\"><\/div>\r\n\t\t\t\t\t\t\t\t\t\t\t\t\t<\/div>\r\n\t\t\t\t\t\t\t\t\t\t\t\t<\/div>\r\n\t\t\t\t\t\t\t\t\t\t\t\t<div class=\"text\">\r\n\t\t\t\t\t\t\t\t\t\t\t\t\t<h3><a href=\"https:\/\/nova.detektiv-biro.si\/index.php\/iskanje-pogresanih-oseb-in-predmetov\/\"  >Iskanje pogre\u0161anih oseb ter izgubljenih ali ukradenih predmetov.<\/a><\/h3>\r\n\t\t\t\t\t\t\t\t\t\t\t\t\t<p>Profesionalna oprema in u\u010dinkovitost.<\/p>\r\n\t\t\t\t\t\t\t\t\t\t\t\t<\/div>\r\n\t\t\t\t\t\t\t\t\t\t\t\t\t\t\t\t\t\t\t\t\t\t\t\t<div class=\"link\"><a href=\"https:\/\/nova.detektiv-biro.si\/index.php\/iskanje-pogresanih-oseb-in-predmetov\/\"  ><i class=\"fas fa-arrow-right\"><\/i>Preberite ve\u010d<\/a><\/div>\r\n\t\t\t\t\t\t\t\t\t\t\t\t\r\n\t\t\t\t\t\t\t\t\t\t\t<\/div>\r\n\t\t\t\t\t\t\t\t\t\t<\/div>\r\n\t\t\t\t\t\t\t\t\t<\/div>\r\n\t\t\t\t\t\t\t\t<\/div>\r\n\t\t\t\t\t\t\t<\/div>\r\n\t\t\t\t\t\t\t\t\t\t\t\t\t<div class=\"col-lg-4 col-md-6 col-sm-12 service-block\">\r\n\t\t\t\t\t\t\t\t<div class=\"service-block-one \">\r\n\t\t\t\t\t\t\t\t\t<div class=\"inner-box\">\r\n\t\t\t\t\t\t\t\t\t\t<figure class=\"image-box\">\r\n\t\t\t\t\t\t\t\t\t\t\t<a href=\"https:\/\/nova.detektiv-biro.si\/index.php\/zbiranje-dokaznega-gradiva\/\"  ><img decoding=\"async\" width=\"370\" height=\"287\" src=\"https:\/\/nova.detektiv-biro.si\/wp-content\/uploads\/2021\/03\/service-3.jpg\" class=\"attachment-full size-full\" alt=\"\" \/>\t\t\t\t\t\t\t\t\t\t\t<\/a>\r\n\t\t\t\t\t\t\t\t\t\t<\/figure>\r\n\t\t\t\t\t\t\t\t\t\t<div class=\"lower-content\">\r\n\t\t\t\t\t\t\t\t\t\t\t<div class=\"inner\">\r\n\t\t\t\t\t\t\t\t\t\t\t\t<div class=\"category-box\">\r\n\t\t\t\t\t\t\t\t\t\t\t\t\t<div class=\"category\">\r\n\t\t\t\t\t\t\t\t\t\t\t\t\t\t<span>Vro\u010ditve<\/span>\r\n\t\t\t\t\t\t\t\t\t\t\t\t\t\t<div class=\"shape shape-1\"><\/div>\r\n\t\t\t\t\t\t\t\t\t\t\t\t\t\t<div class=\"shape shape-2\"><\/div>\r\n\t\t\t\t\t\t\t\t\t\t\t\t\t\t<div class=\"shape shape-3\"><\/div>\r\n\t\t\t\t\t\t\t\t\t\t\t\t\t\t<div class=\"shape shape-4\"><\/div>\r\n\t\t\t\t\t\t\t\t\t\t\t\t\t<\/div>\r\n\t\t\t\t\t\t\t\t\t\t\t\t<\/div>\r\n\t\t\t\t\t\t\t\t\t\t\t\t<div class=\"text\">\r\n\t\t\t\t\t\t\t\t\t\t\t\t\t<h3><a href=\"https:\/\/nova.detektiv-biro.si\/index.php\/zbiranje-dokaznega-gradiva\/\"  >Zanesljivo in zakonito vro\u010danje dokumentov po veljavni zakonodaji.<\/a><\/h3>\r\n\t\t\t\t\t\t\t\t\t\t\t\t\t<p>Korektnost in uspe\u0161nost detektivskih akcij in dokumentiranju.<\/p>\r\n\t\t\t\t\t\t\t\t\t\t\t\t<\/div>\r\n\t\t\t\t\t\t\t\t\t\t\t\t\t\t\t\t\t\t\t\t\t\t\t\t<div class=\"link\"><a href=\"https:\/\/nova.detektiv-biro.si\/index.php\/zbiranje-dokaznega-gradiva\/\"  ><i class=\"fas fa-arrow-right\"><\/i>Preberite ve\u010d<\/a><\/div>\r\n\t\t\t\t\t\t\t\t\t\t\t\t\r\n\t\t\t\t\t\t\t\t\t\t\t<\/div>\r\n\t\t\t\t\t\t\t\t\t\t<\/div>\r\n\t\t\t\t\t\t\t\t\t<\/div>\r\n\t\t\t\t\t\t\t\t<\/div>\r\n\t\t\t\t\t\t\t<\/div>\r\n\t\t\t\t\t\t\t\t\t\t\t\t\t<div class=\"col-lg-4 col-md-6 col-sm-12 service-block\">\r\n\t\t\t\t\t\t\t\t<div class=\"service-block-one \">\r\n\t\t\t\t\t\t\t\t\t<div class=\"inner-box\">\r\n\t\t\t\t\t\t\t\t\t\t<figure class=\"image-box\">\r\n\t\t\t\t\t\t\t\t\t\t\t<a href=\"\"  ><img decoding=\"async\" width=\"370\" height=\"287\" src=\"https:\/\/nova.detektiv-biro.si\/wp-content\/uploads\/2021\/03\/service-3.jpg\" class=\"attachment-full size-full\" alt=\"\" \/>\t\t\t\t\t\t\t\t\t\t\t<\/a>\r\n\t\t\t\t\t\t\t\t\t\t<\/figure>\r\n\t\t\t\t\t\t\t\t\t\t<div class=\"lower-content\">\r\n\t\t\t\t\t\t\t\t\t\t\t<div class=\"inner\">\r\n\t\t\t\t\t\t\t\t\t\t\t\t<div class=\"category-box\">\r\n\t\t\t\t\t\t\t\t\t\t\t\t\t<div class=\"category\">\r\n\t\t\t\t\t\t\t\t\t\t\t\t\t\t<span>Zbiranje dokaznega gradiva<\/span>\r\n\t\t\t\t\t\t\t\t\t\t\t\t\t\t<div class=\"shape shape-1\"><\/div>\r\n\t\t\t\t\t\t\t\t\t\t\t\t\t\t<div class=\"shape shape-2\"><\/div>\r\n\t\t\t\t\t\t\t\t\t\t\t\t\t\t<div class=\"shape shape-3\"><\/div>\r\n\t\t\t\t\t\t\t\t\t\t\t\t\t\t<div class=\"shape shape-4\"><\/div>\r\n\t\t\t\t\t\t\t\t\t\t\t\t\t<\/div>\r\n\t\t\t\t\t\t\t\t\t\t\t\t<\/div>\r\n\t\t\t\t\t\t\t\t\t\t\t\t<div class=\"text\">\r\n\t\t\t\t\t\t\t\t\t\t\t\t\t<h3><a href=\"\"  >Strokovno in zakonito pridobivanje dokazov<\/a><\/h3>\r\n\t\t\t\t\t\t\t\t\t\t\t\t\t<p>Strokovnost in sodelovanje.<\/p>\r\n\t\t\t\t\t\t\t\t\t\t\t\t<\/div>\r\n\t\t\t\t\t\t\t\t\t\t\t\t\t\t\t\t\t\t\t\t\t\t\t\t<div class=\"link\"><a href=\"\"  ><i class=\"fas fa-arrow-right\"><\/i>Read More<\/a><\/div>\r\n\t\t\t\t\t\t\t\t\t\t\t\t\r\n\t\t\t\t\t\t\t\t\t\t\t<\/div>\r\n\t\t\t\t\t\t\t\t\t\t<\/div>\r\n\t\t\t\t\t\t\t\t\t<\/div>\r\n\t\t\t\t\t\t\t\t<\/div>\r\n\t\t\t\t\t\t\t<\/div>\r\n\t\t\t\t\t\t\t\t\t\t\t<\/div>\r\n\t\t\t\t\t<div class=\"chat-box centred\">\r\n\t\t\t\t\t\t<div class=\"inner\">\r\n\t\t\t\t\t\t\t<figure class=\"image-box\">\r\n\t\t\t\t\t\t\t\t<img loading=\"lazy\" decoding=\"async\" width=\"270\" height=\"295\" src=\"https:\/\/nova.detektiv-biro.si\/wp-content\/uploads\/2021\/03\/team-2.jpg\" class=\"attachment-full size-full\" alt=\"\" \/>\t\t\t\t\t\t\t\t<i aria-hidden=\"true\" class=\" flaticon-phone\"><\/i>\t\t\t\t\t\t\t<\/figure>\r\n\t\t\t\t\t\t\t<p>Pokli\u010dite nas<\/p>\r\n\t\t\t\t\t\t\t<h3><a href=\"tel:+38622302200\" style=\"color: inherit; text-decoration: none;\">02 230 22 00<\/a><\/h3>\r\n\t\t\t\t\t\t<\/div>\r\n\t\t\t\t\t<\/div>\r\n\t\t\t\t<\/div>\r\n\t\t\t<\/section>\r\n\t\t\r\n\t\t\t\t\t\t<\/div>\n\t\t\t\t<\/div>\n\t\t\t\t<div class=\"elementor-element elementor-element-d99b464 elementor-widget elementor-widget-inestit_call_to_action\" data-id=\"d99b464\" data-element_type=\"widget\" data-e-type=\"widget\" data-widget_type=\"inestit_call_to_action.default\">\n\t\t\t\t<div class=\"elementor-widget-container\">\n\t\t\t\t\t            <section class=\"cta-section bg-color-3\">\r\n                <div class=\"auto-container\">\r\n                    <div class=\"inner-box clearfix\">\r\n                        <figure class=\"icon-box\">\r\n                            <img loading=\"lazy\" decoding=\"async\" width=\"157\" height=\"220\" src=\"https:\/\/nova.detektiv-biro.si\/wp-content\/uploads\/2021\/03\/icon-3.png\" class=\"attachment-full size-full\" alt=\"\" \/>                        <\/figure>\r\n                        <div class=\"text pull-left\">\r\n                            <h2 class=\"cta-title-text\"><p>Potrebujete uspe\u0161no in diskretno preiskavo?<\/p>Za zaupno svetovanje in hitro re\u0161itev va\u0161ega primera se obrnite na na\u0161o ekipo.<\/h2>\r\n                        <\/div>\r\n                        <div class=\"btn-box pull-right\">\r\n                            <a href=\"https:\/\/nova.detektiv-biro.si\/index.php\/kontakt\/\"  >Kontaktirajte nas<\/a>\r\n                        <\/div>\r\n                    <\/div>\r\n                <\/div>\r\n            <\/section>\r\n        \t\t\t\t<\/div>\n\t\t\t\t<\/div>\n\t\t\t\t\t<\/div>\n\t\t<\/div>\n\t\t\t\t\t<\/div>\n\t\t<\/section>\n\t\t\t\t<\/div>\n\t\t","protected":false},"excerpt":{"rendered":"<p>Diskretne, zakonite in strokovne preiskave za fizi\u010dne in pravne osebe. Na\u0161a detektivska agencija nudi celovite detektivske storitve za fizi\u010dne in pravne osebe po Sloveniji. Kot izku\u0161en zasebni detektiv izvajamo osebne in poslovne preiskave, iskanje oseb ter vro\u010danje dokumentov. Na\u0161e delo temelji na dolgoletnih izku\u0161njah, strokovnosti in popolni diskretnosti. Osebne preiskave Strokovno zbiranje dokazov, sledenje in [&hellip;]<\/p>\n","protected":false},"author":1,"featured_media":660,"parent":0,"menu_order":0,"comment_status":"closed","ping_status":"closed","template":"elementor_header_footer","meta":{"footnotes":""},"class_list":["post-999","page","type-page","status-publish","has-post-thumbnail","hentry"],"yoast_head":"<!-- This site is optimized with the Yoast SEO Premium plugin v27.1 (Yoast SEO v27.1.1) - https:\/\/yoast.com\/product\/yoast-seo-premium-wordpress\/ -->\r\n<title>Storitve - nova.detektiv-biro.si<\/title>\r\n<meta name=\"description\" content=\"Storitve izvajamo v skladu z zakonom o detektivski dejavnosti, nudimo izobra\u017eevanja, ponujamo detektivske aplikacije in vabimo k sodelovanju.\" \/>\r\n<meta name=\"robots\" content=\"index, follow, max-snippet:-1, max-image-preview:large, max-video-preview:-1\" \/>\r\n<link rel=\"canonical\" href=\"https:\/\/nova.detektiv-biro.si\/index.php\/storitve\/\" \/>\r\n<meta property=\"og:locale\" content=\"sl_SI\" \/>\r\n<meta property=\"og:type\" content=\"article\" \/>\r\n<meta property=\"og:title\" content=\"Storitve\" \/>\r\n<meta property=\"og:description\" content=\"Storitve izvajamo v skladu z zakonom o detektivski dejavnosti, nudimo izobra\u017eevanja, ponujamo detektivske aplikacije in vabimo k sodelovanju.\" \/>\r\n<meta property=\"og:url\" content=\"https:\/\/nova.detektiv-biro.si\/index.php\/storitve\/\" \/>\r\n<meta property=\"og:site_name\" content=\"nova.detektiv-biro.si\" \/>\r\n<meta property=\"article:modified_time\" content=\"2026-04-24T11:15:29+00:00\" \/>\r\n<meta property=\"og:image\" content=\"https:\/\/nova.detektiv-biro.si\/wp-content\/uploads\/2021\/03\/page-title.jpg\" \/>\r\n\t<meta property=\"og:image:width\" content=\"1894\" \/>\r\n\t<meta property=\"og:image:height\" content=\"441\" \/>\r\n\t<meta property=\"og:image:type\" content=\"image\/jpeg\" \/>\r\n<meta name=\"twitter:card\" content=\"summary_large_image\" \/>\r\n<meta name=\"twitter:label1\" content=\"Est. reading time\" \/>\n\t<meta name=\"twitter:data1\" content=\"3 minute\" \/>\r\n<script type=\"application\/ld+json\" class=\"yoast-schema-graph\">{\"@context\":\"https:\/\/schema.org\",\"@graph\":[{\"@type\":\"WebPage\",\"@id\":\"https:\/\/nova.detektiv-biro.si\/index.php\/storitve\/\",\"url\":\"https:\/\/nova.detektiv-biro.si\/index.php\/storitve\/\",\"name\":\"Storitve - nova.detektiv-biro.si\",\"isPartOf\":{\"@id\":\"https:\/\/nova.detektiv-biro.si\/#website\"},\"primaryImageOfPage\":{\"@id\":\"https:\/\/nova.detektiv-biro.si\/index.php\/storitve\/#primaryimage\"},\"image\":{\"@id\":\"https:\/\/nova.detektiv-biro.si\/index.php\/storitve\/#primaryimage\"},\"thumbnailUrl\":\"https:\/\/nova.detektiv-biro.si\/wp-content\/uploads\/2021\/03\/page-title.jpg\",\"datePublished\":\"2021-03-23T09:20:55+00:00\",\"dateModified\":\"2026-04-24T11:15:29+00:00\",\"description\":\"Storitve izvajamo v skladu z zakonom o detektivski dejavnosti, nudimo izobra\u017eevanja, ponujamo detektivske aplikacije in vabimo k sodelovanju.\",\"breadcrumb\":{\"@id\":\"https:\/\/nova.detektiv-biro.si\/index.php\/storitve\/#breadcrumb\"},\"inLanguage\":\"sl-SI\",\"potentialAction\":[{\"@type\":\"ReadAction\",\"target\":[\"https:\/\/nova.detektiv-biro.si\/index.php\/storitve\/\"]}]},{\"@type\":\"ImageObject\",\"inLanguage\":\"sl-SI\",\"@id\":\"https:\/\/nova.detektiv-biro.si\/index.php\/storitve\/#primaryimage\",\"url\":\"https:\/\/nova.detektiv-biro.si\/wp-content\/uploads\/2021\/03\/page-title.jpg\",\"contentUrl\":\"https:\/\/nova.detektiv-biro.si\/wp-content\/uploads\/2021\/03\/page-title.jpg\",\"width\":1894,\"height\":441},{\"@type\":\"BreadcrumbList\",\"@id\":\"https:\/\/nova.detektiv-biro.si\/index.php\/storitve\/#breadcrumb\",\"itemListElement\":[{\"@type\":\"ListItem\",\"position\":1,\"name\":\"Home\",\"item\":\"https:\/\/nova.detektiv-biro.si\/\"},{\"@type\":\"ListItem\",\"position\":2,\"name\":\"Storitve\"}]},{\"@type\":\"WebSite\",\"@id\":\"https:\/\/nova.detektiv-biro.si\/#website\",\"url\":\"https:\/\/nova.detektiv-biro.si\/\",\"name\":\"nova.detektiv-biro.si\",\"description\":\"Naju\u010dinkovitej\u0161a detektivska agencija\",\"publisher\":{\"@id\":\"https:\/\/nova.detektiv-biro.si\/#organization\"},\"potentialAction\":[{\"@type\":\"SearchAction\",\"target\":{\"@type\":\"EntryPoint\",\"urlTemplate\":\"https:\/\/nova.detektiv-biro.si\/?s={search_term_string}\"},\"query-input\":{\"@type\":\"PropertyValueSpecification\",\"valueRequired\":true,\"valueName\":\"search_term_string\"}}],\"inLanguage\":\"sl-SI\"},{\"@type\":\"Organization\",\"@id\":\"https:\/\/nova.detektiv-biro.si\/#organization\",\"name\":\"nova.detektiv-biro.si\",\"url\":\"https:\/\/nova.detektiv-biro.si\/\",\"logo\":{\"@type\":\"ImageObject\",\"inLanguage\":\"sl-SI\",\"@id\":\"https:\/\/nova.detektiv-biro.si\/#\/schema\/logo\/image\/\",\"url\":\"https:\/\/nova.detektiv-biro.si\/wp-content\/uploads\/2026\/03\/Detektiv-Biro-_-logo.png\",\"contentUrl\":\"https:\/\/nova.detektiv-biro.si\/wp-content\/uploads\/2026\/03\/Detektiv-Biro-_-logo.png\",\"width\":500,\"height\":469,\"caption\":\"nova.detektiv-biro.si\"},\"image\":{\"@id\":\"https:\/\/nova.detektiv-biro.si\/#\/schema\/logo\/image\/\"}}]}<\/script>\r\n<!-- \/ Yoast SEO Premium plugin. -->","yoast_head_json":{"title":"Storitve - nova.detektiv-biro.si","description":"Storitve izvajamo v skladu z zakonom o detektivski dejavnosti, nudimo izobra\u017eevanja, ponujamo detektivske aplikacije in vabimo k sodelovanju.","robots":{"index":"index","follow":"follow","max-snippet":"max-snippet:-1","max-image-preview":"max-image-preview:large","max-video-preview":"max-video-preview:-1"},"canonical":"https:\/\/nova.detektiv-biro.si\/index.php\/storitve\/","og_locale":"sl_SI","og_type":"article","og_title":"Storitve","og_description":"Storitve izvajamo v skladu z zakonom o detektivski dejavnosti, nudimo izobra\u017eevanja, ponujamo detektivske aplikacije in vabimo k sodelovanju.","og_url":"https:\/\/nova.detektiv-biro.si\/index.php\/storitve\/","og_site_name":"nova.detektiv-biro.si","article_modified_time":"2026-04-24T11:15:29+00:00","og_image":[{"width":1894,"height":441,"url":"https:\/\/nova.detektiv-biro.si\/wp-content\/uploads\/2021\/03\/page-title.jpg","type":"image\/jpeg"}],"twitter_card":"summary_large_image","twitter_misc":{"Est. reading time":"3 minute"},"schema":{"@context":"https:\/\/schema.org","@graph":[{"@type":"WebPage","@id":"https:\/\/nova.detektiv-biro.si\/index.php\/storitve\/","url":"https:\/\/nova.detektiv-biro.si\/index.php\/storitve\/","name":"Storitve - nova.detektiv-biro.si","isPartOf":{"@id":"https:\/\/nova.detektiv-biro.si\/#website"},"primaryImageOfPage":{"@id":"https:\/\/nova.detektiv-biro.si\/index.php\/storitve\/#primaryimage"},"image":{"@id":"https:\/\/nova.detektiv-biro.si\/index.php\/storitve\/#primaryimage"},"thumbnailUrl":"https:\/\/nova.detektiv-biro.si\/wp-content\/uploads\/2021\/03\/page-title.jpg","datePublished":"2021-03-23T09:20:55+00:00","dateModified":"2026-04-24T11:15:29+00:00","description":"Storitve izvajamo v skladu z zakonom o detektivski dejavnosti, nudimo izobra\u017eevanja, ponujamo detektivske aplikacije in vabimo k sodelovanju.","breadcrumb":{"@id":"https:\/\/nova.detektiv-biro.si\/index.php\/storitve\/#breadcrumb"},"inLanguage":"sl-SI","potentialAction":[{"@type":"ReadAction","target":["https:\/\/nova.detektiv-biro.si\/index.php\/storitve\/"]}]},{"@type":"ImageObject","inLanguage":"sl-SI","@id":"https:\/\/nova.detektiv-biro.si\/index.php\/storitve\/#primaryimage","url":"https:\/\/nova.detektiv-biro.si\/wp-content\/uploads\/2021\/03\/page-title.jpg","contentUrl":"https:\/\/nova.detektiv-biro.si\/wp-content\/uploads\/2021\/03\/page-title.jpg","width":1894,"height":441},{"@type":"BreadcrumbList","@id":"https:\/\/nova.detektiv-biro.si\/index.php\/storitve\/#breadcrumb","itemListElement":[{"@type":"ListItem","position":1,"name":"Home","item":"https:\/\/nova.detektiv-biro.si\/"},{"@type":"ListItem","position":2,"name":"Storitve"}]},{"@type":"WebSite","@id":"https:\/\/nova.detektiv-biro.si\/#website","url":"https:\/\/nova.detektiv-biro.si\/","name":"nova.detektiv-biro.si","description":"Naju\u010dinkovitej\u0161a detektivska agencija","publisher":{"@id":"https:\/\/nova.detektiv-biro.si\/#organization"},"potentialAction":[{"@type":"SearchAction","target":{"@type":"EntryPoint","urlTemplate":"https:\/\/nova.detektiv-biro.si\/?s={search_term_string}"},"query-input":{"@type":"PropertyValueSpecification","valueRequired":true,"valueName":"search_term_string"}}],"inLanguage":"sl-SI"},{"@type":"Organization","@id":"https:\/\/nova.detektiv-biro.si\/#organization","name":"nova.detektiv-biro.si","url":"https:\/\/nova.detektiv-biro.si\/","logo":{"@type":"ImageObject","inLanguage":"sl-SI","@id":"https:\/\/nova.detektiv-biro.si\/#\/schema\/logo\/image\/","url":"https:\/\/nova.detektiv-biro.si\/wp-content\/uploads\/2026\/03\/Detektiv-Biro-_-logo.png","contentUrl":"https:\/\/nova.detektiv-biro.si\/wp-content\/uploads\/2026\/03\/Detektiv-Biro-_-logo.png","width":500,"height":469,"caption":"nova.detektiv-biro.si"},"image":{"@id":"https:\/\/nova.detektiv-biro.si\/#\/schema\/logo\/image\/"}}]}},"_links":{"self":[{"href":"https:\/\/nova.detektiv-biro.si\/index.php\/wp-json\/wp\/v2\/pages\/999","targetHints":{"allow":["GET"]}}],"collection":[{"href":"https:\/\/nova.detektiv-biro.si\/index.php\/wp-json\/wp\/v2\/pages"}],"about":[{"href":"https:\/\/nova.detektiv-biro.si\/index.php\/wp-json\/wp\/v2\/types\/page"}],"author":[{"embeddable":true,"href":"https:\/\/nova.detektiv-biro.si\/index.php\/wp-json\/wp\/v2\/users\/1"}],"replies":[{"embeddable":true,"href":"https:\/\/nova.detektiv-biro.si\/index.php\/wp-json\/wp\/v2\/comments?post=999"}],"version-history":[{"count":21,"href":"https:\/\/nova.detektiv-biro.si\/index.php\/wp-json\/wp\/v2\/pages\/999\/revisions"}],"predecessor-version":[{"id":4058,"href":"https:\/\/nova.detektiv-biro.si\/index.php\/wp-json\/wp\/v2\/pages\/999\/revisions\/4058"}],"wp:featuredmedia":[{"embeddable":true,"href":"https:\/\/nova.detektiv-biro.si\/index.php\/wp-json\/wp\/v2\/media\/660"}],"wp:attachment":[{"href":"https:\/\/nova.detektiv-biro.si\/index.php\/wp-json\/wp\/v2\/media?parent=999"}],"curies":[{"name":"wp","href":"https:\/\/api.w.org\/{rel}","templated":true}]}}